{"id":2415,"date":"2022-01-12T23:41:45","date_gmt":"2022-01-12T23:41:45","guid":{"rendered":"http:\/\/noeliamartinez.com\/?page_id=2415"},"modified":"2022-01-26T19:34:00","modified_gmt":"2022-01-26T19:34:00","slug":"aviso-legal","status":"publish","type":"page","link":"https:\/\/noeliamartinez.com\/index.php\/aviso-legal\/","title":{"rendered":"Aviso Legal"},"content":{"rendered":"<p>[et_pb_section fb_built=&#8221;1&#8243; _builder_version=&#8221;4.14.5&#8243; _module_preset=&#8221;default&#8221; global_colors_info=&#8221;{}&#8221;][et_pb_row _builder_version=&#8221;4.14.5&#8243; _module_preset=&#8221;default&#8221; global_colors_info=&#8221;{}&#8221;][et_pb_column type=&#8221;4_4&#8243; _builder_version=&#8221;4.14.5&#8243; _module_preset=&#8221;default&#8221; global_colors_info=&#8221;{}&#8221;][et_pb_text _builder_version=&#8221;4.14.7&#8243; _module_preset=&#8221;default&#8221; hover_enabled=&#8221;0&#8243; global_colors_info=&#8221;{}&#8221; sticky_enabled=&#8221;0&#8243;]<\/p>\n<p><strong>\u00a0<\/strong><\/p>\n<h1><strong>AVISO LEGAL<\/strong><\/h1>\n<p><strong><\/strong><\/p>\n<p style=\"text-align: justify;\">En cumplimiento de la Ley 34\/2002, de 11 de junio, de servicios de la sociedad de la informaci\u00f3n y de comercio electr\u00f3nico (LSSI), le facilitamos informaci\u00f3n sobre el titular de la presente p\u00e1gina web:<\/p>\n<p style=\"text-align: justify;\">Noelia Mart\u00ednez<\/p>\n<p style=\"text-align: justify;\">Avenida Alcalde Jos\u00e9 Fernand\u00edn 14, 1B &#8211; 33450, Castrill\u00f3n (Asturias)<\/p>\n<p style=\"text-align: justify;\"><a href=\"mailto:contacto@noeliamartinez.com\">contacto@noeliamartinez.com<\/a><\/p>\n<h1 style=\"text-align: justify;\"><span>1.- CONDICIONES GENERALES DE USO DEL PORTAL<\/span><\/h1>\n<p><span><\/span><\/p>\n<p style=\"text-align: justify;\">El portal <a href=\"noeliamartinez.com\"><span><strong>www.noeliamartinez.com<\/strong><\/span> <\/a>tiene por objeto informar al p\u00fablico en general sobre sus servicios.<\/p>\n<p style=\"text-align: justify;\">La visita y uso de este portal web implica la aceptaci\u00f3n total y expresa de las condiciones expuestas en el presente aviso legal, por lo que al utilizar esta p\u00e1gina web, usted consiente quedar vinculado por estas condiciones, por nuestra Pol\u00edtica de Privacidad y Cookies, por lo que si no est\u00e1 usted de acuerdo con todas las condiciones expuestas en nuestro Aviso Legal, Pol\u00edtica de Privacidad y Cookies, no debe usar esta p\u00e1gina web.<\/p>\n<p style=\"text-align: justify;\">Noelia Mart\u00ednez se reserva el derecho de efectuar, sin previo aviso, las modificaciones que considere oportunas en su portal, pudiendo cambiar, suprimir, a\u00f1adir o\u00a0 actualizar la informaci\u00f3n contenida en su Web o en la configuraci\u00f3n y presentaci\u00f3n de \u00e9sta.<\/p>\n<p style=\"text-align: justify;\">Le recomendamos comprobar la vigencia y exactitud de los contenidos del presente aviso legal, puesto que puede ser modificado, con el fin de mantener actualizada la informaci\u00f3n publicada en el portal.<\/p>\n<p style=\"text-align: justify;\">La vigencia de las condiciones de uso ir\u00e1 en funci\u00f3n de los cambios que vayan resultando necesarios en la p\u00e1gina web. Siempre se publicar\u00e1n las modificaciones oportunas.<\/p>\n<h1 style=\"text-align: justify;\"><span>2.- PROTECCI\u00d3N DE DATOS<\/span><\/h1>\n<p><span><\/span><\/p>\n<p style=\"text-align: justify;\">Noelia Mart\u00ednez cumple con las directrices de la normativa vigente en materia de protecci\u00f3n de datos: La Ley Org\u00e1nica 3\/2018, de 5 de diciembre, de Protecci\u00f3n de Datos Personales y garant\u00eda de los derechos digitales\u00a0y el Reglamento General de Protecci\u00f3n de Datos 2016\/679 del Parlamento Europeo y del Consejo de 27 de abril de 2016 y se compromete a garantizar un correcto uso y tratamiento de datos de car\u00e1cter personal de los usuarios.<\/p>\n<p style=\"text-align: justify;\">Deber\u00e1 acceder a la Pol\u00edtica de Privacidad de Noelia Mart\u00ednez pulsando <a href=\"https:\/\/noeliamartinez.com\/index.php\/politica-de-privacidad\/\"><strong>aqu\u00ed<\/strong><\/a>, para obtener informaci\u00f3n sobre el tratamiento de sus datos de car\u00e1cter personal.<\/p>\n<h1 style=\"text-align: justify;\"><span>3.- PROPIEDAD INTELECTUAL E INDUSTRIAL<\/span><\/h1>\n<p><span><\/span><\/p>\n<p style=\"text-align: justify;\">Noelia Mart\u00ednez\u00a0es el titular de todos los derechos de propiedad intelectual e industrial de los contenidos de su p\u00e1gina web, as\u00ed como de cualquier imagen, sonido, audio, video, software, textos, marcas o logotipos, etc. Y est\u00e1n protegidos por los correspondientes derechos de propiedad intelectual e industrial.<\/p>\n<p style=\"text-align: justify;\">Quedan expresamente prohibidas la reproducci\u00f3n, la comunicaci\u00f3n p\u00fablica y distribuci\u00f3n de cualquier contenido de esta p\u00e1gina web, con fines comerciales, en cualquier soporte y por cualquier medio t\u00e9cnico, sin la autorizaci\u00f3n previa y expresa de Noelia Mart\u00ednez.<\/p>\n<p style=\"text-align: justify;\">S\u00ed se autoriza al uso del contenido de la p\u00e1gina web como uso personal y privado. Cualquier otro uso deber\u00e1 ser comunicado y autorizado por Noelia Mart\u00ednez\u00a0previa y expresamente.<\/p>\n<h1 style=\"text-align: justify;\"><span>4.- RESPONSABILIDAD<\/span><\/h1>\n<p><span><\/span><\/p>\n<p style=\"text-align: justify;\">Noelia Mart\u00ednez\u00a0no garantiza la inexistencia de errores en el contenido de la web, ni que este se encuentre actualizado, aunque su intenci\u00f3n ser\u00e1 siempre la de evitarlos, subsanarlos o actualizaros.<\/p>\n<p style=\"text-align: justify;\">Noelia Mart\u00ednez\u00a0no se hace responsable de los da\u00f1os y perjuicios de cualquier naturaleza que puedan causarle al sistema inform\u00e1tico del usuario de la p\u00e1gina web, como consecuencia de la presencia de virus o del mal funcionamiento del navegador.<\/p>\n<h1 style=\"text-align: justify;\"><span>5.- ENLACES<\/span><\/h1>\n<p><span><\/span><\/p>\n<p style=\"text-align: justify;\">Noelia Mart\u00ednez puede publicar enlaces externos y ajenos a esta p\u00e1gina web por considerarlos de inter\u00e9s. Al ser enlaces ajenos, Noelia Mart\u00ednez no se hace responsable del contenido de esos hiperv\u00ednculos, ni garantiza su disponibilidad t\u00e9cnica, calidad, fiabilidad, exactitud y constitucionalidad de cualquier material o formaci\u00f3n contenida en los mismos.<\/p>\n<p style=\"text-align: justify;\">La inclusi\u00f3n de estos hiperv\u00ednculos no implica ning\u00fan tipo de asociaci\u00f3n con las entidades propietarias de los mismos.<\/p>\n<h1 style=\"text-align: justify;\"><span>6.- DERECHO DE EXCLUSI\u00d3N<\/span><\/h1>\n<p><span><\/span><\/p>\n<p style=\"text-align: justify;\">Noelia Mart\u00ednez podr\u00e1 impedir el acceso a la web a cualquier usuario que incumpla las condiciones reflejadas en el presente aviso legal.<\/p>\n<h1 style=\"text-align: justify;\"><span>7.- LEGISLACI\u00d3N APLICABLE Y JURISDICCI\u00d3N<\/span><\/h1>\n<p><span><\/span><\/p>\n<p style=\"text-align: justify;\">\u2013 Ley de Servicios de la Sociedad de Informaci\u00f3n\u00a0 y Comercio Electr\u00f3nico (LSSICE).<\/p>\n<p style=\"text-align: justify;\">\u2013 Ley Org\u00e1nica de Protecci\u00f3n de Datos Personales y garant\u00eda de los derechos digitales (LOPDGDD).<\/p>\n<p style=\"text-align: justify;\">\u2013 Reglamento General de Protecci\u00f3n de Datos (UE) 2016\/679 .<\/p>\n<p style=\"text-align: justify;\">\u2013 Ley General para la Defensa de los Consumidores y Usuarios.<\/p>\n<p>[\/et_pb_text][\/et_pb_column][\/et_pb_row][\/et_pb_section]<\/p>\n","protected":false},"excerpt":{"rendered":"<p>\u00a0 AVISO LEGAL En cumplimiento de la Ley 34\/2002, de 11 de junio, de servicios de la sociedad de la informaci\u00f3n y de comercio electr\u00f3nico (LSSI), le facilitamos informaci\u00f3n sobre el titular de la presente p\u00e1gina web: Noelia Mart\u00ednez Avenida Alcalde Jos\u00e9 Fernand\u00edn 14, 1B &#8211; 33450, Castrill\u00f3n (Asturias) contacto@noeliamartinez.com 1.- CONDICIONES GENERALES DE USO [&hellip;]<\/p>\n","protected":false},"author":1,"featured_media":0,"parent":0,"menu_order":0,"comment_status":"closed","ping_status":"closed","template":"","meta":{"_et_pb_use_builder":"on","_et_pb_old_content":"","_et_gb_content_width":"","_joinchat":[],"footnotes":""},"class_list":["post-2415","page","type-page","status-publish","hentry"],"yoast_head":"<!-- This site is optimized with the Yoast SEO plugin v25.0 - https:\/\/yoast.com\/wordpress\/plugins\/seo\/ -->\r\n<title>Aviso Legal | noeliamartinez<\/title>\r\n<meta name=\"robots\" content=\"index, follow, max-snippet:-1, max-image-preview:large, max-video-preview:-1\" \/>\r\n<link rel=\"canonical\" href=\"https:\/\/noeliamartinez.com\/index.php\/aviso-legal\/\" \/>\r\n<meta property=\"og:locale\" content=\"es_ES\" \/>\r\n<meta property=\"og:type\" content=\"article\" \/>\r\n<meta property=\"og:title\" content=\"Aviso Legal | noeliamartinez\" \/>\r\n<meta property=\"og:description\" content=\"\u00a0 AVISO LEGAL En cumplimiento de la Ley 34\/2002, de 11 de junio, de servicios de la sociedad de la informaci\u00f3n y de comercio electr\u00f3nico (LSSI), le facilitamos informaci\u00f3n sobre el titular de la presente p\u00e1gina web: Noelia Mart\u00ednez Avenida Alcalde Jos\u00e9 Fernand\u00edn 14, 1B - 33450, Castrill\u00f3n (Asturias) contacto@noeliamartinez.com 1.- CONDICIONES GENERALES DE USO [&hellip;]\" \/>\r\n<meta property=\"og:url\" content=\"https:\/\/noeliamartinez.com\/index.php\/aviso-legal\/\" \/>\r\n<meta property=\"og:site_name\" content=\"noeliamartinez\" \/>\r\n<meta property=\"article:modified_time\" content=\"2022-01-26T19:34:00+00:00\" \/>\r\n<meta name=\"twitter:card\" content=\"summary_large_image\" \/>\r\n<meta name=\"twitter:label1\" content=\"Tiempo de lectura\" \/>\n\t<meta name=\"twitter:data1\" content=\"4 minutos\" \/>\r\n<script type=\"application\/ld+json\" class=\"yoast-schema-graph\">{\"@context\":\"https:\/\/schema.org\",\"@graph\":[{\"@type\":\"WebPage\",\"@id\":\"https:\/\/noeliamartinez.com\/index.php\/aviso-legal\/\",\"url\":\"https:\/\/noeliamartinez.com\/index.php\/aviso-legal\/\",\"name\":\"Aviso Legal | noeliamartinez\",\"isPartOf\":{\"@id\":\"https:\/\/noeliamartinez.com\/#website\"},\"datePublished\":\"2022-01-12T23:41:45+00:00\",\"dateModified\":\"2022-01-26T19:34:00+00:00\",\"breadcrumb\":{\"@id\":\"https:\/\/noeliamartinez.com\/index.php\/aviso-legal\/#breadcrumb\"},\"inLanguage\":\"es\",\"potentialAction\":[{\"@type\":\"ReadAction\",\"target\":[\"https:\/\/noeliamartinez.com\/index.php\/aviso-legal\/\"]}]},{\"@type\":\"BreadcrumbList\",\"@id\":\"https:\/\/noeliamartinez.com\/index.php\/aviso-legal\/#breadcrumb\",\"itemListElement\":[{\"@type\":\"ListItem\",\"position\":1,\"name\":\"Portada\",\"item\":\"https:\/\/noeliamartinez.com\/\"},{\"@type\":\"ListItem\",\"position\":2,\"name\":\"Aviso Legal\"}]},{\"@type\":\"WebSite\",\"@id\":\"https:\/\/noeliamartinez.com\/#website\",\"url\":\"https:\/\/noeliamartinez.com\/\",\"name\":\"noeliamartinez\",\"description\":\"Abogada administradora de fincas\",\"publisher\":{\"@id\":\"https:\/\/noeliamartinez.com\/#\/schema\/person\/a39ae016482c4643b76b9f573e7e62db\"},\"potentialAction\":[{\"@type\":\"SearchAction\",\"target\":{\"@type\":\"EntryPoint\",\"urlTemplate\":\"https:\/\/noeliamartinez.com\/?s={search_term_string}\"},\"query-input\":{\"@type\":\"PropertyValueSpecification\",\"valueRequired\":true,\"valueName\":\"search_term_string\"}}],\"inLanguage\":\"es\"},{\"@type\":[\"Person\",\"Organization\"],\"@id\":\"https:\/\/noeliamartinez.com\/#\/schema\/person\/a39ae016482c4643b76b9f573e7e62db\",\"name\":\"Noelia Mart\u00ednez\",\"image\":{\"@type\":\"ImageObject\",\"inLanguage\":\"es\",\"@id\":\"https:\/\/noeliamartinez.com\/#\/schema\/person\/image\/\",\"url\":\"https:\/\/noeliamartinez.com\/wp-content\/uploads\/2022\/01\/cropped-Sin-titulo-1.png\",\"contentUrl\":\"https:\/\/noeliamartinez.com\/wp-content\/uploads\/2022\/01\/cropped-Sin-titulo-1.png\",\"width\":512,\"height\":512,\"caption\":\"Noelia Mart\u00ednez\"},\"logo\":{\"@id\":\"https:\/\/noeliamartinez.com\/#\/schema\/person\/image\/\"}}]}<\/script>\r\n<!-- \/ Yoast SEO plugin. -->","yoast_head_json":{"title":"Aviso Legal | noeliamartinez","robots":{"index":"index","follow":"follow","max-snippet":"max-snippet:-1","max-image-preview":"max-image-preview:large","max-video-preview":"max-video-preview:-1"},"canonical":"https:\/\/noeliamartinez.com\/index.php\/aviso-legal\/","og_locale":"es_ES","og_type":"article","og_title":"Aviso Legal | noeliamartinez","og_description":"\u00a0 AVISO LEGAL En cumplimiento de la Ley 34\/2002, de 11 de junio, de servicios de la sociedad de la informaci\u00f3n y de comercio electr\u00f3nico (LSSI), le facilitamos informaci\u00f3n sobre el titular de la presente p\u00e1gina web: Noelia Mart\u00ednez Avenida Alcalde Jos\u00e9 Fernand\u00edn 14, 1B - 33450, Castrill\u00f3n (Asturias) contacto@noeliamartinez.com 1.- CONDICIONES GENERALES DE USO [&hellip;]","og_url":"https:\/\/noeliamartinez.com\/index.php\/aviso-legal\/","og_site_name":"noeliamartinez","article_modified_time":"2022-01-26T19:34:00+00:00","twitter_card":"summary_large_image","twitter_misc":{"Tiempo de lectura":"4 minutos"},"schema":{"@context":"https:\/\/schema.org","@graph":[{"@type":"WebPage","@id":"https:\/\/noeliamartinez.com\/index.php\/aviso-legal\/","url":"https:\/\/noeliamartinez.com\/index.php\/aviso-legal\/","name":"Aviso Legal | noeliamartinez","isPartOf":{"@id":"https:\/\/noeliamartinez.com\/#website"},"datePublished":"2022-01-12T23:41:45+00:00","dateModified":"2022-01-26T19:34:00+00:00","breadcrumb":{"@id":"https:\/\/noeliamartinez.com\/index.php\/aviso-legal\/#breadcrumb"},"inLanguage":"es","potentialAction":[{"@type":"ReadAction","target":["https:\/\/noeliamartinez.com\/index.php\/aviso-legal\/"]}]},{"@type":"BreadcrumbList","@id":"https:\/\/noeliamartinez.com\/index.php\/aviso-legal\/#breadcrumb","itemListElement":[{"@type":"ListItem","position":1,"name":"Portada","item":"https:\/\/noeliamartinez.com\/"},{"@type":"ListItem","position":2,"name":"Aviso Legal"}]},{"@type":"WebSite","@id":"https:\/\/noeliamartinez.com\/#website","url":"https:\/\/noeliamartinez.com\/","name":"noeliamartinez","description":"Abogada administradora de fincas","publisher":{"@id":"https:\/\/noeliamartinez.com\/#\/schema\/person\/a39ae016482c4643b76b9f573e7e62db"},"potentialAction":[{"@type":"SearchAction","target":{"@type":"EntryPoint","urlTemplate":"https:\/\/noeliamartinez.com\/?s={search_term_string}"},"query-input":{"@type":"PropertyValueSpecification","valueRequired":true,"valueName":"search_term_string"}}],"inLanguage":"es"},{"@type":["Person","Organization"],"@id":"https:\/\/noeliamartinez.com\/#\/schema\/person\/a39ae016482c4643b76b9f573e7e62db","name":"Noelia Mart\u00ednez","image":{"@type":"ImageObject","inLanguage":"es","@id":"https:\/\/noeliamartinez.com\/#\/schema\/person\/image\/","url":"https:\/\/noeliamartinez.com\/wp-content\/uploads\/2022\/01\/cropped-Sin-titulo-1.png","contentUrl":"https:\/\/noeliamartinez.com\/wp-content\/uploads\/2022\/01\/cropped-Sin-titulo-1.png","width":512,"height":512,"caption":"Noelia Mart\u00ednez"},"logo":{"@id":"https:\/\/noeliamartinez.com\/#\/schema\/person\/image\/"}}]}},"_links":{"self":[{"href":"https:\/\/noeliamartinez.com\/index.php\/wp-json\/wp\/v2\/pages\/2415","targetHints":{"allow":["GET"]}}],"collection":[{"href":"https:\/\/noeliamartinez.com\/index.php\/wp-json\/wp\/v2\/pages"}],"about":[{"href":"https:\/\/noeliamartinez.com\/index.php\/wp-json\/wp\/v2\/types\/page"}],"author":[{"embeddable":true,"href":"https:\/\/noeliamartinez.com\/index.php\/wp-json\/wp\/v2\/users\/1"}],"replies":[{"embeddable":true,"href":"https:\/\/noeliamartinez.com\/index.php\/wp-json\/wp\/v2\/comments?post=2415"}],"version-history":[{"count":5,"href":"https:\/\/noeliamartinez.com\/index.php\/wp-json\/wp\/v2\/pages\/2415\/revisions"}],"predecessor-version":[{"id":2942,"href":"https:\/\/noeliamartinez.com\/index.php\/wp-json\/wp\/v2\/pages\/2415\/revisions\/2942"}],"wp:attachment":[{"href":"https:\/\/noeliamartinez.com\/index.php\/wp-json\/wp\/v2\/media?parent=2415"}],"curies":[{"name":"wp","href":"https:\/\/api.w.org\/{rel}","templated":true}]}}